ue of (0 - 0 - -2) + -1298 + 1305?
9
What is -11 + 14 + -24 + 2?
-19
What is -1 - 51 - (158 + -173)?
-37
Evaluate (-10 - -10 - -9) + -7 + (-5 - 2).
-5
What is 27 - (8 + 12) - 21?
-14
Calculate 0 + (30 - 27) - (1 + (-3 - -2)).
3
Evaluate -10 + (-22 - (-66 + 9)).
25
(30 - 12) + -17 + 11
12
22 - (-3 + 32) - 3
-10
What is -1 - (23 - 13 - 7 - -11)?
-15
-11 + -2 + (-1 - -21) + -9 + 0
-2
-3 - (4 + -4 + (9 - 20))
8
What is the value of (5 - (-9 - -15 - 8)) + -18?
-11
What is -607 + 604 - (30 + 0 - 2 - 0)?
-31
What is -7 + ((1 - 0) + -6 - (15 - 22))?
-5
What is 23 + -2 + 13 + -1 + -16?
17
11 + -5 + -7 + -9
-10
Evaluate -3 + (-9 - 15 - -14).
-13
Evaluate (7 - -16) + -30 + -13.
-20
What is -32 + (24 - -7 - 22)?
-23
What is the value of -11 - (7 + -17) - (8 + 0)?
-9
What is -3 - (-35 - (-42 - -14))?
4
What is the value of -1 - ((15 - 2) + -5 - 8) - -1?
0
Evaluate (-17 - (-23 - -41)) + 49.
14
What is -1 - 0 - (-4 + (1 + -4 - -9))?
-3
Calculate -7 - (1 + -4 + 8 + (6 - 9)).
-9
Evaluate -11 - (-4 - 3) - 3.
-7
Calculate 10 + -12 + 22 - 15.
5
Calculate 15 + (-9 - (-6 - 9)).
21
-1 + 6 + (9 - (3 + -6 + 6))
11
Evaluate -4 + (7 - 14) + -6.
-17
What is 10 + (-6 - 3) + 2 + 3?
6
What is the value of 12 + -5 - (18 - (-7 - -6))?
-12
Evaluate 42 + (-382 - -400 - (1 - -27)).
32
Calculate (30 - 13) + 31 + -20 - -8.
36
Evaluate -10 - ((7 - -15 - 3) + -9).
-20
Evaluate (1 + 5 - -3) + (-55 - -36).
-10
-4 + -1 + -3 + -11 + (55 - 53)
-17
What is (1 + 10 + 1 + -15 - -45) + -11?
31
Calculate (-15 - (-38 + 10)) + -20.
-7
What is the value of 2 + -2 - (0 + -4 + 8 + -19)?
15
(1 - (2 - -17)) + -1 + (221 - 219)
-17
What is the value of 18 + (13 - 33 - -13)?
11
Evaluate -21 - (-7 - (5 - 13)).
-22
What is the value of -7 + 12 + -10 + 16?
11
What is 7 + -10 + -3 + 3 - 5 - 8?
-16
Evaluate 1 - 8 - -26 - 12.
7
Calculate -20 + 4 + (47 - 15) + -30.
-14
-1 + (-25 - -8) + (-6 - -7) + -2
-19
(3 - 0 - -1) + -46 + 29
-13
What is -11 + 2 + -12 + 15 + (5 - 3)?
-4
What is the value of -6 - (51 + -17 + -54)?
14
Evaluate (13 - 3) + (-2 + 4 - -3).
15
Evaluate 6 - (-4 + -8 + 9 + 7 + -1).
3
What is -15 + 10 + 14 + -12 + -12?
-15
Calculate (-19 - -33) + 19 - 7.
26
Calculate -44 - -34 - (-35 - -3).
22
Calculate (-2 - 0) + (21 - 2 - (68 - 59)).
8
What is -10 + (5 + 2 - (4 - -1)) + 4?
-4
What is 27 + 6 + -15 + -8?
10
Evaluate (0 - 1) + (10 - 18) + 28 + -3.
16
What is the value of 90 + -78 + (-2 - (12 - 2))?
0
What is 24 - (-2 + -12 + 22)?
16
201 + -213 - (1 + -24)
11
Calculate 33 + -2 + -39 + 19.
11
What is the value of -9 + 9 + (-6 - (-8 + 5))?
-3
Evaluate (527 - 492) + (2 - 68).
-31
What is (-2 - -11) + -25 + 1 + 6?
-9
Calculate -10 + 11 + -32 - -9 - -10.
-12
What is 11 - (-4 + (-1 - 6) + -1 + 10)?
13
What is the value of 15 - 2 - (-36 + -26 + 57)?
18
3 + (-1 - 10) + (6 - 2) + -5
-9
What is (-11 - -29) + -5 - 17?
-4
Evaluate (1 - -4) + -16 + (-34 - -21).
-24
5 + 9 - ((-2 - -13) + (-7 - 1))
11
Evaluate -1 + 2 + 4 + 2 + 5.
12
Evaluate 33 + (2 - 31) + 13.
17
2 + (8 + 2 - 2) - 0 - 49
-39
What is the value of (31 - 8) + -8 + -21?
-6
What is 2 + (5 - 20) + 4 - (-7 + -1)?
-1
6 + -2 + (0 - -3) + -9
-2
Calculate 11 + (2 - 6) - 6 - 11.
-10
Calculate (-1 - 20) + (-7 + (3 - -11) - 2).
-16
Evaluate -3 + -18 + (-2 - 1) + 415 + -408.
-17
What is -3 - ((11 - 1) + -15)?
2
Evaluate (-14 + 15 - 35) + (8 - 0).
-26
4 - (-48 + 57 + (5 - 1) - 7)
-2
What is the value of (4 - (4 + 7) - 0) + (36 - 34)?
-5
Calculate 9 - ((-1 - -3) + -4).
11
What is 1 - -7 - 4 - 14?
-10
Calculate (-15 - 4) + -3 + (0 - -8).
-14
What is (18 + 17 - 0) + -31?
4
What is the value of (-12 - -17) + 3 + (-2 - -7)?
13
Evaluate 3 + -4 + -7 + (1 - -9).
2
(-57 - -19) + 38 + 1
1
What is -24 + (6 - 10) + (7 - -2) + 1?
-18
What is -7 - (5 - 12) - (-30 + 35)?
-5
Evaluate (-3 - (-18 - -14)) + 16 + -13.
4
What is -3 - (5 - (2 + 8) - -6)?
-4
Calculate -12 + 4 + ((-4 - -3) + 1 - 2).
-10
Evaluate 14 + 10 + 0 + -8 - 7.
9
What is the value of (3 - (3 + 12 + -12)) + 20?
20
What is the value of 7 + -26 - (9 + 2 + -14)?
-16
5 + -4 + -18 + 5
-12
What is the value of 3 - 6 - 30 - (-122 - -116)?
-27
Evaluate (-7 - -9 - 0) + -3 - (1 + 5).
-7
Calculate 75 + (-63 - (-47 + 24)).
35
-11 - ((-23 - -3) + 0)
9
Calculate (22 - 24) + (30 - 14).
14
What is the value of -6 - (-4 - (-2 + (4 - -2)))?
2
Calculate -6 + (-21 - (7 + 4)) - (-4 + -4).
-30
What is (-6 - (-9 - 0)) + -32 - (14 - 21)?
-22
What is the value of 8 - (-14 - (0 - 7))?
15
Evaluate 4 - (-5 - (-14 + 12)).
7
24 + -35 - -20 - (0 + 0)
9
What is 10 + (-23 - -19) + (0 - (23 - -3))?
-20
-12 + (9 - (35 - 19))
-19
What is the value of 1491 + -1461 + 0 + -27?
3
3 + (10 - 0 - (11 + 1))
1
Calculate (-1 - -5) + 1 + (7 - 15).
-3
What is the value of (63 - 68) + (-2 - 14 - 2)?
-23
Evaluate 57 + (39 - 73) + -51.
-28
47 + -29 + 8 + -38
-12
(19 + 12 - (-11 - -19)) + 9
32
Evaluate (0 - 6) + 29 - (53 + -49).
19
Calculate 10 + -7 + -11 + 2.
-6
What is -23 + 13 - -13 - 16?
-13
What is 11 - (-10 - -35) - -32?
18
1 + 3 + -7 + (-9 - -14)
2
Evaluate 12 - (-4 + 7 + -5 - (2 + -7)).
9
What is -14 + -3 + 12 + 5?
0
Evaluate -32 + 24 + (25 - -7).
24
What is the value of (87 - 91) + 0 + 11?
7
Calculate 55 - (19 + -15 + 16 + -2).
37
4 + 22 + (5 - 17) - 11
3
What is (-217 - -205) + (1 - 6)?
-17
What is the value of -36 + 10 + -4 + 24?
-6
Evaluate -13 + 18 - (-2 + 0 - (-26 - -19)).
0
What is -19 + 63 + (-52 - -3)?
-5
What is -13 + (27 - -14) + (-6 - -5)?
27
What is (-33 - -14) + 16 + 7?
4
What is (9 + -6 - 2) + (-10 - -4)?
-5
Evaluate 17 - (10 - -24) - 0.
-17
Calculate -23 - (-33 - (-19 + -21)).
-30
What is 12 - -3 - (16 - (7 - 3))?
3
-9 + (9 + -8 - -13) + -9
-4
What is (-16 - -15) + -15 - -10?
-6
Calculate (-7 - 8) + -20 + 57.
22
Evaluate -34 + 70 + 24 - 32.
28
1 + -14 + 20 + -14 + 32
25
What is 36 + -7 + (137 - 179)?
-13
9 + (-7 - (-11 + 7) - -5)
11
Calculate 158 + -158 + (1 - 1).
0
Calculate -188 + 208 - (10 - -1).
9
20 + (-6 + -15 - 4)
-5
Calculate -491 + 476 + 22 + -1.
6
What is the value of 2 - ((2 + 1 + -9 - -9) + -1)?
0
Calculate -20 + (1 - 1 - (-40 - -36 - -4)).
-20
Calculate 6 - (21 + (19 + -14 - (9 - 2))).
-13
Evaluate -3 + 18 - (7 + 2 + -10).
16
What is (6 - 11) + -9 + 10 + (-4 - 4)?
-12
Calculate -7 + 0 + -15 - -16.
-6
What is (1 - 0) + 19 + -47 + (5 - -34)?
12
What is the value of 40 - (39 - 2 - 18)?
21
Calculate 7 + -4 + 1 - (1 + 1) - -7.
9
Evaluate 0 + 6 + (13 - 7).
12
8 + -3 + (16 - (20 + 0))
1
What is 24 - ((-27 - -51) + 21)?
-21
What is -221 + 216 + -2 + -1 + 2 + 7?
1
(-8 - -2) + -75 + 69
-12
-3 + -5 + (-5 + (8 - 1) - -2)
-4
Evaluate -3 + -12 + 33 - 26.
-8
Calculate -14 - 24 - (-138 - -95).
5
What is -7 + (-9 - -5) - (35 + -20)?
-26
Calculate -4 + -1 + (148 - 135).
8
Evaluate (-2 - 6 - -13) + -4 + -11.
-10
24 - 15 - (36 + 1)
-28
34 + -40 + -3 + 4 + -3 - -32
24
Calculate (1 - 3 - 0) + (8 - -2) + -6.
2
What is the value of (42 - (-7 + 50)) + -16?
-17
Calculate 27 - (4 + 3 + 6 + -3).
17
Calculate -16 + (17 - 4) + 8.
5
What is -27 - (25 + -18) - (1 - 12)?
-23
What is the value of 7 + (0 - 1 - 1) - (-5 - -12)?
-2
Evaluate 5 + (-17 - (-7 + 4)) + -3.
-12
Evaluate 6 + (-1 - (2 + -2) - (1 + 4)).
0
0 + (3 + -9 + 11 + -1 - 7)
-3
What is 1 - (0 - (-6 + 6 - -7))?
8
What is the value of (-21 - (-11 - 2)) + (5 - 1 - 1)?
-5
Calculate (21 - 30) + 61 + -47.
5
What is the value of -6 - (-2 + (-3 - (4 + -4)))?
-1
5 - ((14 - 7) + -29 + -4 + 12)
19
What is (-38 - -49) + (1 - (1 + -3))?
14
Calculate -26 + (21 - (17 - 10)).
-12
What is -5 + (-2 - -12) - 3 - 13?
-11
Evaluate 10 + (-13 - 9 - 5 - -6).
-11
(26 + 1 - 38) + 33 + 2
24
Calculate (-63 + 38 - -14) + (0 - -13).
2
-19 + -48 + 79 + 1 + -7
6
What is the value of -2 + 1 + -9 + (1 - -5) + -4?
-8
4 + (-29 - -6) - (3 + 4) - -7
-19
What is (18 - 39 - -20) + 8?
7
What is the value of (-18 - -14 - -8) + (-6 - 1)?
-3
-14 - (2 + 2) - (-20 + 40 - 20)
-18
Evaluate (-20 - -26) + -16 - 8.
-18
Evaluate (18 + 5 - 7) + -14.
2
What is 12 - (-1 - -1) - (1159 - 1156)?
9
What is -9 + (7 - (-8 - (6 + 14) - 10))?
36
Calculate -16 + (29 - (18 - 20 - 7)).
22
What is the value of -7 + (-17 + 8 - 1) + 8?
-9
1 + 12 - (-46 + 59 + -10)
10
What is 0 - (9 + -1 + (-2 - 8))?
2
Evaluate -4 + 8 + (-2 - 3) - (-19 + 7).
11
(-22 - (4 + -28)) + (-8 - -5)
-1
What is 44 - (20 + 5 + -5)?
24
Calculate -3 + (0 - 1) + 0 - (-71 + 73).
-6
8 - (4 + 14) - -